ainder when 310 is divided by 80?
70
Calculate the remainder when 77 is divided by 26.
25
Calculate the remainder when 1027 is divided by 147.
145
What is the remainder when 7 is divided by 7?
0
What is the remainder when 136 is divided by 47?
42
Calculate the remainder when 4607 is divided by 58.
25
What is the remainder when 128 is divided by 26?
24
Calculate the remainder when 977 is divided by 149.
83
Calculate the remainder when 2579 is divided by 68.
63
Calculate the remainder when 16 is divided by 2.
0
What is the remainder when 2418 is divided by 1?
0
Calculate the remainder when 9 is divided by 7.
2
What is the remainder when 215 is divided by 28?
19
What is the remainder when 68 is divided by 30?
8
What is the remainder when 485 is divided by 334?
151
What is the remainder when 1109 is divided by 185?
184
What is the remainder when 31498 is divided by 300?
298
Calculate the remainder when 194 is divided by 35.
19
What is the remainder when 554 is divided by 184?
2
What is the remainder when 54 is divided by 20?
14
Calculate the remainder when 58727 is divided by 24.
23
Calculate the remainder when 36 is divided by 9.
0
What is the remainder when 4063 is divided by 370?
363
What is the remainder when 143 is divided by 36?
35
Calculate the remainder when 18759 is divided by 318.
315
What is the remainder when 156 is divided by 32?
28
What is the remainder when 426 is divided by 209?
8
What is the remainder when 2607 is divided by 58?
55
Calculate the remainder when 3530 is divided by 101.
96
What is the remainder when 454 is divided by 150?
4
What is the remainder when 503 is divided by 24?
23
Calculate the remainder when 216 is divided by 181.
35
What is the remainder when 4137 is divided by 112?
105
Calculate the remainder when 380 is divided by 35.
30
What is the remainder when 911 is divided by 5?
1
What is the remainder when 1925 is divided by 107?
106
Calculate the remainder when 92 is divided by 12.
8
Calculate the remainder when 7434 is divided by 7418.
16
What is the remainder when 4511 is divided by 129?
125
Calculate the remainder when 1391 is divided by 456.
23
Calculate the remainder when 2176 is divided by 23.
14
What is the remainder when 74 is divided by 4?
2
Calculate the remainder when 1260 is divided by 181.
174
Calculate the remainder when 65 is divided by 18.
11
What is the remainder when 253 is divided by 224?
29
What is the remainder when 386 is divided by 14?
8
Calculate the remainder when 278 is divided by 19.
12
What is the remainder when 10161 is divided by 12?
9
Calculate the remainder when 19151 is divided by 168.
167
What is the remainder when 6065 is divided by 74?
71
What is the remainder when 342 is divided by 64?
22
What is the remainder when 412 is divided by 52?
48
Calculate the remainder when 96 is divided by 92.
4
What is the remainder when 1102 is divided by 550?
2
Calculate the remainder when 12634 is divided by 12.
10
Calculate the remainder when 193 is divided by 86.
21
Calculate the remainder when 1025 is divided by 54.
53
Calculate the remainder when 3602 is divided by 76.
30
Calculate the remainder when 557 is divided by 140.
137
Calculate the remainder when 875 is divided by 73.
72
Calculate the remainder when 381 is divided by 43.
37
Calculate the remainder when 1669 is divided by 389.
113
What is the remainder when 138 is divided by 20?
18
What is the remainder when 536 is divided by 111?
92
Calculate the remainder when 1664 is divided by 34.
32
Calculate the remainder when 230 is divided by 85.
60
Calculate the remainder when 4751 is divided by 49.
47
What is the remainder when 957 is divided by 24?
21
Calculate the remainder when 1165 is divided by 117.
112
Calculate the remainder when 12067 is divided by 4019.
10
Calculate the remainder when 96 is divided by 51.
45
Calculate the remainder when 39 is divided by 32.
7
Calculate the remainder when 3007 is divided by 8.
7
Calculate the remainder when 1022 is divided by 25.
22
What is the remainder when 84 is divided by 29?
26
Calculate the remainder when 4858 is divided by 36.
34
Calculate the remainder when 1595 is divided by 70.
55
Calculate the remainder when 1010 is divided by 91.
9
Calculate the remainder when 40 is divided by 11.
7
Calculate the remainder when 329 is divided by 122.
85
What is the remainder when 241 is divided by 73?
22
Calculate the remainder when 11 is divided by 4.
3
Calculate the remainder when 765 is divided by 41.
27
What is the remainder when 1002 is divided by 173?
137
Calculate the remainder when 311 is divided by 39.
38
Calculate the remainder when 243 is divided by 91.
61
What is the remainder when 54 is divided by 9?
0
Calculate the remainder when 8575 is divided by 268.
267
Calculate the remainder when 3885 is divided by 72.
69
Calculate the remainder when 145 is divided by 65.
15
Calculate the remainder when 363 is divided by 41.
35
What is the remainder when 7 is divided by 2?
1
What is the remainder when 554 is divided by 37?
36
What is the remainder when 531 is divided by 7?
6
Calculate the remainder when 87 is divided by 3.
0
Calculate the remainder when 803 is divided by 79.
13
Calculate the remainder when 1089 is divided by 18.
9
What is the remainder when 68 is divided by 21?
5
Calculate the remainder when 267 is divided by 10.
7
Calculate the remainder when 418 is divided by 185.
48
What is the remainder when 56012 is divided by 17?
14
Calculate the remainder when 474 is divided by 20.
14
What is the remainder when 55 is divided by 7?
6
Calculate the remainder when 6716 is divided by 15.
11
Calculate the remainder when 935 is divided by 106.
87
What is the remainder when 165 is divided by 28?
25
What is the remainder when 934 is divided by 12?
10
Calculate the remainder when 162 is divided by 75.
12
What is the remainder when 50 is divided by 6?
2
What is the remainder when 328 is divided by 110?
108
What is the remainder when 37 is divided by 1?
0
Calculate the remainder when 2878 is divided by 36.
34
Calculate the remainder when 1006 is divided by 6.
4
Calculate the remainder when 2094 is divided by 133.
99
Calculate the remainder when 138 is divided by 10.
8
What is the remainder when 359 is divided by 92?
83
Calculate the remainder when 1260 is divided by 411.
27
Calculate the remainder when 6 is divided by 4.
2
Calculate the remainder when 1403 is divided by 39.
38
Calculate the remainder when 236 is divided by 128.
108
Calculate the remainder when 106 is divided by 14.
8
Calculate the remainder when 199 is divided by 70.
59
Calculate the remainder when 127 is divided by 43.
41
Calculate the remainder when 140 is divided by 37.
29
Calculate the remainder when 166 is divided by 98.
68
What is the remainder when 318 is divided by 32?
30
What is the remainder when 2957 is divided by 16?
13
Calculate the remainder when 164 is divided by 158.
6
What is the remainder when 395 is divided by 139?
117
Calculate the remainder when 48 is divided by 26.
22
Calculate the remainder when 69 is divided by 5.
4
Calculate the remainder when 523 is divided by 102.
13
What is the remainder when 1404 is divided by 37?
35
Calculate the remainder when 1553 is divided by 37.
36
What is the remainder when 902 is divided by 102?
86
Calculate the remainder when 133 is divided by 23.
18
What is the remainder when 2517 is divided by 126?
123
Calculate the remainder when 1096 is divided by 120.
16
What is the remainder when 106 is divided by 38?
30
What is the remainder when 653 is divided by 113?
88
Calculate the remainder when 303 is divided by 103.
97
Calculate the remainder when 95 is divided by 24.
23
What is the remainder when 337 is divided by 165?
7
Calculate the remainder when 3573 is divided by 65.
63
Calculate the remainder when 6731 is divided by 12.
11
What is the remainder when 298 is divided by 44?
34
What is the remainder when 274 is divided by 72?
58
What is the remainder when 145 is divided by 80?
65
What is the remainder when 8173 is divided by 94?
89
Calculate the remainder when 186 is divided by 60.
6
Calculate the remainder when 3376 is divided by 282.
274
What is the remainder when 498 is divided by 25?
23
What is the remainder when 1241 is divided by 8?
1
Calculate the remainder when 146 is 